2465762 is divided by 3893.
1493
Calculate the remainder when 7042017 is divided by 3.
0
What is the remainder when 2510482 is divided by 1349?
1342
Calculate the remainder when 2384860 is divided by 203.
16
What is the remainder when 59008646 is divided by 466?
464
Calculate the remainder when 572653 is divided by 1097.
19
Calculate the remainder when 9695535 is divided by 74581.
5
Calculate the remainder when 284868 is divided by 17311.
7892
What is the remainder when 298772 is divided by 10663?
208
Calculate the remainder when 397669 is divided by 34.
5
What is the remainder when 216346222 is divided by 45?
37
What is the remainder when 1240114 is divided by 1981?
8
What is the remainder when 143741555 is divided by 28?
27
What is the remainder when 69679 is divided by 69651?
28
Calculate the remainder when 5631926 is divided by 90.
86
What is the remainder when 136101 is divided by 4281?
3390
Calculate the remainder when 11103199 is divided by 978.
943
What is the remainder when 2356921 is divided by 785631?
28
Calculate the remainder when 118360 is divided by 4381.
73
What is the remainder when 13944380 is divided by 217?
177
What is the remainder when 25990665 is divided by 12995330?
5
Calculate the remainder when 1147172 is divided by 22.
4
What is the remainder when 120441 is divided by 16681?
3674
What is the remainder when 85127 is divided by 21226?
223
What is the remainder when 275768 is divided by 4631?
2539
What is the remainder when 61428 is divided by 204?
24
Calculate the remainder when 21040 is divided by 128.
48
What is the remainder when 258876 is divided by 290?
196
What is the remainder when 1376105 is divided by 38?
11
What is the remainder when 437316 is divided by 461?
288
Calculate the remainder when 39404803 is divided by 6562.
6555
Calculate the remainder when 4222173 is divided by 13111.
431
Calculate the remainder when 82720455 is divided by 5514693.
60
What is the remainder when 15312481 is divided by 15312455?
26
What is the remainder when 14476738 is divided by 1104?
1090
Calculate the remainder when 9737862 is divided by 30.
12
Calculate the remainder when 189925 is divided by 7033.
34
What is the remainder when 40842 is divided by 8162?
32
Calculate the remainder when 288389 is divided by 267.
29
What is the remainder when 1527307 is divided by 9146?
9071
Calculate the remainder when 199834931 is divided by 3165.
3161
What is the remainder when 22994863 is divided by 2745?
2743
What is the remainder when 2184922 is divided by 8774?
196
Calculate the remainder when 23097794 is divided by 2823.
8
Calculate the remainder when 20203 is divided by 865.
308
What is the remainder when 3313798 is divided by 24?
22
Calculate the remainder when 8828 is divided by 8687.
141
Calculate the remainder when 3160464 is divided by 404.
376
Calculate the remainder when 665965 is divided by 615.
535
Calculate the remainder when 268193758 is divided by 1776.
1774
What is the remainder when 681317 is divided by 5494?
61
Calculate the remainder when 190168 is divided by 63342.
142
Calculate the remainder when 89383342 is divided by 3271.
3267
Calculate the remainder when 11007151 is divided by 2751783.
19
What is the remainder when 4520318 is divided by 929?
733
Calculate the remainder when 507184 is divided by 1199.
7
What is the remainder when 11858031 is divided by 1826?
1813
Calculate the remainder when 1840979159 is divided by 3306.
3305
What is the remainder when 148454 is divided by 10602?
26
What is the remainder when 16882 is divided by 407?
195
What is the remainder when 601173 is divided by 2561?
1899
Calculate the remainder when 26656 is divided by 24593.
2063
Calculate the remainder when 60728 is divided by 5381.
1537
What is the remainder when 289463 is divided by 4081?
3793
Calculate the remainder when 1513695 is divided by 30891.
36
What is the remainder when 684367 is divided by 76040?
7
What is the remainder when 45418 is divided by 1284?
478
Calculate the remainder when 3888862 is divided by 709.
706
Calculate the remainder when 11892374 is divided by 5946170.
34
Calculate the remainder when 4520865 is divided by 5520.
5505
What is the remainder when 4957547 is divided by 951?
935
Calculate the remainder when 429553 is divided by 61356.
61
What is the remainder when 597014 is divided by 4?
2
Calculate the remainder when 121669539 is divided by 333.
330
What is the remainder when 4171648 is divided by 29?
27
What is the remainder when 4339740 is divided by 806?
236
What is the remainder when 76429976 is divided by 44?
40
Calculate the remainder when 645897 is divided by 2494.
2445
What is the remainder when 1397084 is divided by 1884?
1040
Calculate the remainder when 951305 is divided by 121.
3
Calculate the remainder when 10605663 is divided by 3535136.
255
What is the remainder when 197327 is divided by 589?
12
Calculate the remainder when 1405573 is divided by 2159.
64
What is the remainder when 584356666 is divided by 21?
19
What is the remainder when 111302 is divided by 4120?
62
What is the remainder when 862248 is divided by 628?
4
What is the remainder when 4997653 is divided by 29056?
21
What is the remainder when 131000 is divided by 343?
317
What is the remainder when 3934933 is divided by 1069?
1013
Calculate the remainder when 2828144 is divided by 2946.
2930
What is the remainder when 734389 is divided by 6616?
13
Calculate the remainder when 1068056 is divided by 22247.
200
What is the remainder when 7376522 is divided by 25?
22
Calculate the remainder when 19407850 is divided by 24850.
0
What is the remainder when 8646870 is divided by 61?
59
Calculate the remainder when 2702919 is divided by 31.
29
Calculate the remainder when 191483 is divided by 63746.
245
Calculate the remainder when 15816128 is divided by 8.
0
Calculate the remainder when 80155 is divided by 7294.
7215
What is the remainder when 51353 is divided by 12336?
2009
Calculate the remainder when 3776739 is divided by 1258912.
3
What is the remainder when 167762 is divided by 1656?
506
Calculate the remainder when 5083281 is divided by 450.
81
What is the remainder when 61115 is divided by 2750?
615
What is the remainder when 916707 is divided by 1826?
55
What is the remainder when 79359562 is divided by 6?
4
Calculate the remainder when 537908 is divided by 41319.
761
What is the remainder when 1632126 is divided by 656?
654
What is the remainder when 17631 is divided by 688?
431
What is the remainder when 353132 is divided by 50445?
17
What is the remainder when 3475521 is divided by 695101?
16
Calculate the remainder when 334948 is divided by 3355.
2803
Calculate the remainder when 19179517 is divided by 97.
95
Calculate the remainder when 14152 is divided by 4187.
1591
Calculate the remainder when 1831836 is divided by 1079.
773
Calculate the remainder when 3894349 is divided by 345.
334
Calculate the remainder when 64217167 is divided by 558410.
17
What is the remainder when 137659466 is divided by 183791?
7
What is the remainder when 7481 is divided by 3539?
403
Calculate the remainder when 26909 is divided by 4964.
2089
What is the remainder when 24051277 is divided by 2896?
2893
Calculate the remainder when 4958 is divided by 449.
19
What is the remainder when 1146351 is divided by 47726?
927
What is the remainder when 165910 is divided by 448?
150
What is the remainder when 25238 is divided by 3506?
696
What is the remainder when 904989 is divided by 1993?
167
What is the remainder when 300987 is divided by 50097?
405
Calculate the remainder when 30576123 is divided by 9171.
9
Calculate the remainder when 98225 is divided by 1046.
947
Calculate the remainder when 7693559 is divided by 541.
539
Calculate the remainder when 10830561 is divided by 99.
60
What is the remainder when 7027104 is divided by 152?
144
Calculate the remainder when 348013 is divided by 1141.
8
What is the remainder when 1568965 is divided by 130730?
205
What is the remainder when 11334651 is divided by 315?
6
Calculate the remainder when 43692346 is divided by 561.
544
Calculate the remainder when 1660984 is divided by 103811.
8
What is the remainder when 159432 is divided by 1576?
256
What is the remainder when 2194035 is divided by 40?
35
What is